rime factors of u.
2, 3, 5
Let o be (-34)/(-4) + (-1)/(-2). Let l(u) = -11*u + u**3 - 11*u**2 - 12*u**2 + 16*u**2 + 22 - 16. What are the prime factors of l(o)?
3, 23
Suppose -3*y = -2*c - 7651, -118*y + 123*y - 5*c - 12750 = 0. List the prime factors of y.
2551
Let s be 2/(-12) + 1*(-138)/36. List the prime factors of 1/s*0 - -9.
3
Suppose 2*v - d - 26078 - 12591 = 0, -d = 4*v - 77323. What are the prime factors of v?
2, 3, 179
Suppose -2*c - 266140 = -10*l, 11*l + 5*c = 15*l - 106477. What are the prime factors of l?
3, 2957
Suppose -2*l - 3*l = 0. Suppose -a + 0*a + 4 = l. Suppose -212 = -a*n + 96. List the prime factors of n.
7, 11
Let f = -2736 + 5333. List the prime factors of f.
7, 53
Let r(n) = n + 6. Let h be r(-4). Suppose -3 = -3*m + h*m. Suppose 0 = m*f - v - 236, -f - 3*v + 20 = -72. List the prime factors of f.
2, 5
Suppose v - 2*p + p = -31, 0 = 2*p - 8. Let l(t) = -t**2 - 26*t + 73. List the prime factors of l(v).
2, 23
What are the prime factors of 4002145/725 + 1/(-5)?
2, 3, 5, 23
Suppose -4*b - 2*z + 8 = 0, 3*b = -2*z + 5*z + 15. Suppose 0 = 2*y + b*d - 629, d = -4 + 5. What are the prime factors of y?
313
Let q(r) = -r**3 - 7*r**2 - 28*r - 4. Let i be q(-4). Suppose -i*d - 150 = -62*d. List the prime factors of d.
3, 5
Let t(c) = 8*c**2 + 14*c + 60. Let n(a) = -12*a**2 - 21*a - 89. Let h(r) = 5*n(r) + 8*t(r). List the prime factors of h(-9).
2, 37
Suppose -3*b + 5*d + 663 = 0, 2 + 1 = -d. Let i = 51 + b. List the prime factors of i.
3, 89
Let n = -7 + 15. Let u = -1877 - -3250. Suppose u - 125 = n*w. What are the prime factors of w?
2, 3, 13
Suppose -9*i + i - 168 = 0. Let t = i + 23. Let d(c) = 6*c**3 + 3*c**2 - 4*c + 5. What are the prime factors of d(t)?
3, 19
Let u be (-10872)/15 + (-8)/40. Let r = -379 - u. What are the prime factors of r?
2, 173
Suppose 5*s - 9 - 1 = 0. Let v be (-4)/16*s*(-2)/(-1). What are the prime factors of 8 - 11 - (2 + v)*-122?
7, 17
Suppose -19*h - 13*h = -63*h + 1127625. What are the prime factors of h?
3, 5, 97
Let v(o) be the second derivative of o**5/20 + o**4/12 - 9*o**2/2 - o. Let a = -2431 - -2435. List the prime factors of v(a).
71
Let p(s) = -3*s - 6. Let h be p(-3). Suppose -h*z + 5*u + 477 = 0, -2*z + 318 = 2*u - 3*u. Suppose 0 = -3*o + z + 315. List the prime factors of o.
2, 79
Let z = -4664 - -7131. List the prime factors of z.
2467
Suppose -11*x = 165*x - 6405872. What are the prime factors of x?
17, 2141
Let n(o) = o - 37. Let l be n(-7). What are the prime factors of 655/(-20)*l - -4?
5, 17
Suppose 5*j - 1140 = -7*j. Suppose 4*o = j + 1413. What are the prime factors of o?
13, 29
Let d = 521 - 516. Suppose 4*m + m - j = 6377, 0 = 5*m + d*j - 6365. What are the prime factors of m?
3, 5, 17
Let o = 6347 + -1414. List the prime factors of o.
4933
List the prime factors of ((-587241)/27 + (1 - 1)/(-1))*-3.
71, 919
What are the prime factors of 1626 + 27/3*(-69)/207?
3, 541
Let v(s) = 3*s**3 + 7*s**2 + 5*s + 2. Let b(p) = -p. Let z be -4 - (1 + (4 - 10)). Let d(j) = z*b(j) - v(j). What are the prime factors of d(-4)?
2, 3, 17
Let r(h) = 93*h - 76. Let c be r(-6). Let q = c - -1232. What are the prime factors of q?
2, 13, 23
Suppose -75*d + 24 = -72*d. What are the prime factors of (-1309)/(-49) - d/(-28)?
3
Suppose 4*c = -4*i + 4 + 8, c + 2 = 4*i. Let p(k) be the first derivative of 61*k**3/3 + k**2/2 + 12. List the prime factors of p(i).
2, 31
List the prime factors of ((-222)/4)/(84/(-9296)).
2, 37, 83
List the prime factors of (16 - 22 - -3)/(-2*(-1)/(-4742)).
3, 2371
Suppose -61520 = 69*j - 77*j. Suppose 10*f = 5*f + j. List the prime factors of f.
2, 769
Let t(z) = 58*z**3 - 14*z**2 + 45*z - 208. What are the prime factors of t(6)?
2, 6043
Let b = -250 - -1419. What are the prime factors of b?
7, 167
Let v(q) = -5*q + 470. Suppose k = u + 1, 1 = -2*u + k - 0. List the prime factors of v(u).
2, 5, 47
Let d(j) = -64*j - 68. Let t(a) = 21*a + 23. Let h(i) = 3*d(i) + 10*t(i). Suppose 36*u - 147 = -3. List the prime factors of h(u).
2, 7
Suppose -27*d - 510 = -7098. List the prime factors of d.
2, 61
Suppose -5*h = 4*r - 57200 - 59747, 4*h = -3*r + 93559. What are the prime factors of h?
5, 4679
Let x = -675 - -1607. Suppose -x = -4*q + 96. List the prime factors of q.
257
Let w be (4 + 7/((-28)/18))*0. Suppose w = -4*h - 2*h + 906. List the prime factors of h.
151
Let l(u) = 2*u + u - 3*u**2 - 3 + 7 - 7. Let o be l(2). List the prime factors of (63/(-6))/(o/48).
2, 7
Suppose 4*s - 4*f + 27790 = 5*s, -5*s + 138824 = -f. List the prime factors of s.
2, 13883
Suppose 4*j = 20, 44451 = -48*n + 50*n + j. What are the prime factors of n?
71, 313
Let a(c) = -6*c**3 - 16*c**2 + 14. Let g be a(-9). Suppose -g - 346 = -6*d. List the prime factors of d.
3, 191
Suppose 75*h - 248076 = 39*h. List the prime factors of h.
3, 2297
Let b(k) = -404*k - 1313. List the prime factors of b(-8).
19, 101
Suppose 0 = -i + q + 10381, 68*q + 20766 = 2*i + 65*q. List the prime factors of i.
3, 1153
List the prime factors of (-681947)/(-74)*(-2)/(-7).
2633
Let f be (1/((-9)/(-36)))/2. What are the prime factors of 48540/(-150)*f*(-15)/6?
2, 809
Let a(g) = -24*g**3 + g**2 - 8*g + 4. What are the prime factors of a(-3)?
5, 137
Let s(k) = 5*k**2 - 107*k - 12. Let o(f) = 4*f**2 - 87*f - 13. Let l(m) = -6*o(m) + 5*s(m). Let v be (-1)/((6/(-26))/3). List the prime factors of l(v).
2, 3
Suppose 0 = -w + 4*b + 10851, 6*w = 5*w + 2*b + 10857. List the prime factors of w.
3, 17, 71
Suppose 18 = 2*y - 2*s, -3*y + 4*s + 0 = -24. List the prime factors of 2/(2 + 40/y + -5).
2, 3
Let a = 220 + -479. Let d = a - -571. Let o = d + -203. List the prime factors of o.
109
Suppose 3*j = 3*v - 81, -4*j + 3*v - 88 - 17 = 0. List the prime factors of 358 + -2 + (-8)/j*-6.
2, 3, 59
List the prime factors of (-4260466)/(-238) + (220/170)/(-11).
3, 13, 17
Let o(k) = 201*k**2 + 144*k + 1096. What are the prime factors of o(-8)?
2, 1601
Suppose 2*l = -y - 104, 0*l = -5*y - l - 565. Let j = y - -101. Let m = 53 + j. List the prime factors of m.
2, 5
Let k(n) = -n**3 + 10*n. Let a be k(3). Suppose g + 26 = a*g. Suppose -5*v - 601 = -4*j, -v - 733 = -5*j + g. List the prime factors of j.
149
Suppose -1429 = -5*a - 1449. List the prime factors of 16 + -17 + -2*302/a.
2, 3, 5
Let a = -35873 - -61752. What are the prime factors of a?
7, 3697
Let r = -61 + 64. Let k(p) = 252*p**2 - 260*p**2 + 5*p + 3*p**r - 4 - p. List the prime factors of k(5).
191
Suppose -5484 = 6*a + 6*a. Let h = a - -464. What are the prime factors of h?
7
Suppose 5*r + 2*x - 24 = 0, 2*r + 4*x - 6 = 10. Suppose r*a = 2*i + 1342, a = -a + 4*i + 686. List the prime factors of a.
3, 37
Let d(q) = -4*q - 12. Let i be d(-3). Suppose -17*h + 9*h + 1488 = i. List the prime factors of h.
2, 3, 31
Suppose c + 4*c = 0. Let k = 583 + -579. Suppose k*m + 25 = l - 24, c = 4*l - 4*m - 232. What are the prime factors of l?
61
Suppose 4*k - 1620 - 136 = 0. Let o = k + -94. List the prime factors of o.
3, 5, 23
Suppose -11*m + 22*m = 116593 + 109941. List the prime factors of m.
2, 7, 1471
Let z be 1/(3*(-2)/48). What are the prime factors of 45/30 + (-13692)/z?
3, 571
Let k(j) = j**2 + 7*j - 6. Let t be k(-8). Let v(s) = s**2 + 0*s**t + 0*s**2 + 77. List the prime factors of v(0).
7, 11
Suppose 0 = -17*g + 15*g - 2. Let m be (-532)/(-14) - 2*g. Suppose -m = -16*r + 12*r. What are the prime factors of r?
2, 5
Suppose 41 = -t + 2*t - 2*v, -t - 5*v + 48 = 0. Let h = -39 + t. Suppose h*d = 38 + 58. List the prime factors of d.
2, 3
Let d = -1364 + 8177. What are the prime factors of d?
3, 757
Let i be 15/(-6)*(-12)/10. Let a be (14 - -1)/(i/(-2)). What are the prime factors of ((-35)/a)/1*14?
7
Let h be 9/2 + 1 - 4/8. Suppose 0 = p + 2, 13 = h*u + 4*p + 1. Suppose -u*q + o + 396 = 0, q + 2*o - 84 = 6*o. List the prime factors of q.
2, 5
Suppose -5*d = -5*c + 10, -12 = -2*d + 3*c - 18. Let s(b) = b**2 + 4*b + 458. What are the prime factors of s(d)?
2, 229
Let m(j) = j**3 - 14*j**2 - 13*j - 76. Let p be m(17). Let y = p - -91. List the prime factors of y.
661
Let k(t) = -6*t**2 + 18*t - 21. Let n be -4*5/20*-7. Let f(j) = 12*j**2 - 36*j + 40. Let u(l) = n*k(l) + 4*f(l). What are the prime factors of u(8)?
11, 23
Let x(d) = 165*d**2 + d + 3056. What are the prime factors of x(0)?
2, 191
L